. Determine o(8).
-14
Let m(i) = -i**3 + 193*i**2 + 196*i - 477. Determine m(194).
-89
Let t(y) = y**2 + 52*y + 350. Determine t(-7).
35
Let h(t) = -t**3 - 3*t**2 + 11*t - 61. Calculate h(-7).
58
Let v(t) = 2*t**3 - 21*t**2 + 33*t + 3. What is v(2)?
1
Let a(p) = 106*p**2 - 11*p. Calculate a(2).
402
Let y(p) = -8*p**2 - 11*p + 1. Calculate y(4).
-171
Let h(w) = -w**3 - 2*w - 96. What is h(0)?
-96
Let y(h) = -14*h**2 - 401*h + 566. Calculate y(-30).
-4
Let y(x) = 4*x**3 - 48*x**2 - 2*x + 29. Give y(12).
5
Let n(c) = -c**3 - 96*c**2 - 176*c + 28. What is n(-2)?
4
Let m(c) = -c**2 + 10*c + 63. Give m(15).
-12
Let g(z) = -2*z**3 - 9*z**2 - 2*z + 20. Calculate g(-3).
-1
Let j(l) = l**3 + 3*l**2 + 3*l + 45. Determine j(-4).
17
Let m(i) = 291*i - 3444. Calculate m(12).
48
Let p(u) = 98*u + 6564. Give p(-67).
-2
Let y(d) = d**2 + 5*d - 607. Determine y(22).
-13
Let h(y) = -2*y**2 + 47*y + 89. Determine h(30).
-301
Let t(g) = 153*g + 1714. What is t(-11)?
31
Let h(q) = -2*q**3 - 68*q**2 - 127*q + 28. What is h(-32)?
-4
Let h(q) = -22*q - 32. Determine h(-5).
78
Let b(z) = -71*z**2 + 176*z + 109. Determine b(3).
-2
Let z(d) = -13*d + 66. Determine z(13).
-103
Let f(p) = -p**3 + 17*p**2 + 3*p + 33. Give f(18).
-237
Let n(k) = 18*k - 298. Calculate n(4).
-226
Let o(k) = 8*k + 106. What is o(-7)?
50
Let f(g) = 8*g**2 + 171*g + 67. What is f(-21)?
4
Let d(i) = -23*i**2 - 1665*i + 1024. Determine d(-73).
2
Let h(w) = 22*w + 902. Calculate h(-40).
22
Let u(s) = 46*s**2 - 10949*s + 238. Calculate u(238).
0
Let l(m) = -3210*m + 9608. Give l(3).
-22
Let l(f) = -104*f + 112. What is l(1)?
8
Let w(f) = -2*f**3 - 87*f**2 + 143*f + 16. Give w(-45).
-344
Let a(i) = 1505*i + 13540. Give a(-9).
-5
Let y(u) = 97*u**2 + 440*u - 176. What is y(-5)?
49
Let r(d) = -d**3 - 26*d**2 - 133*d - 31. Calculate r(-7).
-31
Let q(g) = -g**3 + 43*g**2 + 10*g - 413. Determine q(43).
17
Let c(z) = -z**2 + 8375*z + 50271. What is c(-6)?
-15
Let a(z) = 78*z - 31. Give a(-8).
-655
Let r(f) = -f**3 + 41*f**2 - 116*f + 76. What is r(38)?
0
Let i(h) = 380*h + 62. Give i(-2).
-698
Let y(d) = -d**3 + 7*d**2 + 12*d + 21. What is y(7)?
105
Let s(g) = 11*g**2 + 760*g + 74. Give s(-69).
5
Let d(p) = p**2 + 108*p - 1716. What is d(-122)?
-8
Let p(n) = n**2 + 308*n - 1266. Give p(4).
-18
Let d(k) = 26*k**2 + 157*k + 158. Determine d(-1).
27
Let b(p) = 105*p - 165. Calculate b(2).
45
Let a(x) = x**2 + 139*x - 1339. Calculate a(9).
-7
Let p(r) = 70*r - 1012. Calculate p(13).
-102
Let w(u) = u**2 + 75*u - 165. What is w(-76)?
-89
Let k(r) = -73*r - 24. Determine k(1).
-97
Let v(g) = g**2 - 35. Determine v(3).
-26
Let t(f) = -34*f**3 + 5577*f**2 - 168*f + 677. Give t(164).
21
Let o(n) = 60*n + 21. Give o(-3).
-159
Let t(w) = w**3 + 36*w**2 + 112*w + 1446. Determine t(-34).
-50
Let v(f) = -9*f**3 + 29*f**2 - 5*f - 10. Determine v(3).
-7
Let v(b) = -b**2 - 63*b + 655. Determine v(10).
-75
Let k(a) = 2*a**2 + 9056*a + 54264. Give k(-6).
0
Let x(v) = -38*v - 1243. What is x(-30)?
-103
Let z(q) = -q**3 + 30*q**2 - 27*q - 93. Determine z(29).
-35
Let g(j) = -10*j**2 + 9*j + 40. Give g(5).
-165
Let d(f) = -3*f**2 + 23*f + 142. Give d(11).
32
Let a(r) = -r**3 - 8*r**2 + 49*r + 14. Determine a(-12).
2
Let k(o) = -26*o - 1626. Give k(-63).
12
Let f(p) = -33*p - 9. Calculate f(4).
-141
Let m(c) = 36*c**3 + 7*c + 7. Determine m(-1).
-36
Let l(a) = -a**2 + 59*a + 625. What is l(68)?
13
Let p(f) = 4*f**2 + 49*f - 6. Give p(-13).
33
Let s(f) = -674*f - 4091. Calculate s(-6).
-47
Let u(p) = -2*p**2 - 410*p - 9908. Calculate u(-177).
4
Let f(y) = -3*y**3 - 26*y**2 + 16*y + 94. Determine f(-9).
31
Let g(c) = 61*c + 332. Determine g(-6).
-34
Let n(y) = y**3 + 33*y**2 - y - 82. Calculate n(-33).
-49
Let m(k) = 3*k**2 + 345*k - 7639. What is m(19)?
-1
Let g(n) = -3*n**3 - 31*n**2 - 2*n + 15. What is g(-10)?
-65
Let o(b) = 1177*b + 9429. Give o(-8).
13
Let s(y) = -y**3 + 6*y**2 + 48*y - 234. Calculate s(4).
-10
Let o(y) = 2*y**2 - 198*y + 521. Give o(96).
-55
Let h(g) = g**3 + 124*g**2 + 1135*g - 569. Determine h(-114).
1
Let c(r) = -54*r + 774. What is c(17)?
-144
Let d(l) = 4*l**3 - l**2 + 6*l - 1. What is d(3)?
116
Let i(a) = -2*a**3 - 50*a**2 - 110*a - 167. Give i(-23).
247
Let c(x) = -x**2 + 28*x - 333. What is c(12)?
-141
Let w(f) = -146*f + 16. Determine w(-3).
454
Let r(u) = -43*u**2 - 918*u - 321. Calculate r(-21).
-6
Let r(m) = -7*m**3 + 2*m**2 + 17*m + 51. Determine r(-4).
463
Let t(f) = -f**3 - f**2 + 148*f + 89. Calculate t(12).
-7
Let b(c) = -185*c - 52171. What is b(-282)?
-1
Let p(g) = 311*g**2 + 10*g + 4. Calculate p(-1).
305
Let i(x) = -4*x**3 - x**2 + 7*x - 13. Determine i(2).
-35
Let w(j) = -j**3 + 24*j**2 - 50*j - 269. Give w(21).
4
Let w(r) = -r**2 - 11*r + 37. Give w(3).
-5
Let x(k) = -4*k**2 + 2*k - 4. What is x(-4)?
-76
Let d(y) = 998*y - 5991. Calculate d(6).
-3
Let b(n) = -886*n + 105434. What is b(119)?
0
Let y(r) = r**3 - 63*r**2 - 4*r + 251. What is y(63)?
-1
Let f(c) = -2*c**3 + 95*c**2 - 997*c + 100. Determine f(32).
-60
Let a(s) = 2*s - 52. Determine a(-12).
-76
Let l(r) = 6*r**2 - 267*r - 124. Give l(44).
-256
Let x(s) = -150*s + 19796. Determine x(132).
-4
Let r(u) = -u**2 + 251*u - 740. Give r(3).
4
Let h(j) = 177*j - 323. Calculate h(2).
31
Let o(w) = -w**2 + 10*w - 31. What is o(6)?
-7
Let v(k) = -2*k**2 - 276*k - 1334. Calculate v(-5).
-4
Let m(n) = 17*n**2 - 17*n + 31. Give m(2).
65
Let u(f) = f**3 - 42*f**2 + 45*f - 175. What is u(41)?
-11
Let r(y) = y**2 - 40*y - 5. What is r(40)?
-5
Let o(b) = b**3 + 8*b**2 - 2*b - 7. Determine o(0).
-7
Let i(a) = a**2 + 74*a - 3259. What is i(31)?
-4
Let n(d) = -d**3 + 32*d**2 - 36*d - 122. What is n(31)?
-277
Let x(b) = b**2 - 2*b - 22. Give x(10).
58
Let l(p) = -p**3 - 41*p**2 - 29*p + 1918. Calculate l(-39).
7
Let l(f) = -f**3 - 91*f**2 - 125*f - 3143. Determine l(-90).
7
Let f(l) = 7*l**2 - 177*l - 1255. Calculate f(31).
-15
Let t(g) = -2*g**2 - 45*g - 118. Calculate t(-14).
120
Let r(j) = 9*j**2 - 19*j + 107. Give r(6).
317
Let f(d) = -19*d**2 + d - 3. Give f(-2).
-81
Let u(o) = 33*o**2 - 893*o + 90. Determine u(27).
36
Let j(b) = 3*b - 123. Determine j(37).
-12
Let x(r) = 90*r - 696. Calculate x(14).
564
Let t(d) = -d**3 - 4*d**2 + 9*d + 42. What is t(-3)?
6
Let n(s) = 1752*s - 5237. Determine n(3).
19
Let d(f) = -f**3 + 53*f - 24. What is d(7)?
4
Let o(r) = -142*r + 160. What is o(1)?
18
Let j(b) = 3*b**3 + 3*b**2 - 2*b + 5. What is j(2)?
37
Let r(l) = 1843*l + 11034. What is r(-6)?
-24
Let b(s) = -116*s - 1403. What is b(-12)?
-11
Let s(j) = 211*j**2 - 20*j + 19. What is s(1)?
210
Let q(c) = -72*c - 411. Determine q(-5).
-51
Let b(d) = d**2 - 15*d + 28. Determine b(14).
14
Let u(m) = -3*m + 6. What is u(1)?
3
Let n(c) = -4*c**2 - 14*c + 177. Calculate n(5).
7
Let y(z) = z**3 - 28*z**2 - 124*z + 1916. Give y(30).
-4
Let w(p) = p**2 - 23*p - 1931. What is w(57)?
7
Let b(x) = -3*x**3 - 119*x**2 - 79*x - 91. Give b(-39).
-52
Let q(g) = -g**3 + 15*g**2 - 28*g - 20. Determine q(13).
-46
Let x(w) = -w**3 + 183*w**2 + 2970*w + 21. Determine x(198).
21
Let q(y) = 960*y + 24965. What is q(-26)?
5
Let g(y) = -37*y**3 - 4*y**2 + 12*y + 2. What is g(2)?
-286
Let q(m) = -9*m - 1. Give q(5).
-46
Let f(w) = -11*w**2 - 93*w + 1. Calculate f(-9).
-53
Let g(t) = 45*t - 1076. Determine g(28).
184
Let q(z) = z**3 - 7*z**2 - 9*z - 38. Determine q(7).
-101
Let i(u) = u**2 - 158*u + 6096. Give i(92).
24
Let p(i) = -2*i**3 - 98*i**2 - 194*i - 290. Calculate p(-47).
-8
Let f(b) = -b**3 + 21*b**2 + 400*b - 138. Give f(33).
-6
Let h(o) = -15*o - 38. Calculate h(-4).
22
Let t(z) = -3*z**3 - 6*z**2 - z + 3. What is t(1)?
-7
Let p(w) = 174*w + 14264. What is p(-82)?
-4
Let n(j) = 3*j + 257. Determine n(-88).
-7
Let m(t) = 17*t**2 + 135*t + 214. Calculate m(-6).
16
Let o(v) = 2*v**2 - 18*v - 1477. What is o(-23)?
-5
Let w(j) = -16*j + 105. Calculate w(12).
-87
Let w(n) = n**2 - 11*n + 17. Determine w(4).
-11
Let o(a) = -14*a + 18. Determine o(-4).
74
Let x(f) = 5*f**2 - 473*f + 2255. Determine x(5).
15
Let f(w) = -40*w - 639. Calculate f(-29).
521
Let y(m) = 15*m + 34. Give y(15).
259
Let a(j) = j**2 - 19*j - 11. Determine a(-13).
405
Let u(r) = -40*r + 168. Calculate u(4).
8
Let z(a) = -12*a**3 - 3*a + 9. Calculate z(3).
-324
Let l(t) = 6*t**3 + 4*t**2 - 8*t - 26. Cal